1. Let w be 0/(-3) - (0 - v). What is the units digit of ((-5)/w)/(2/120)?
0
Suppose -12*q + 21001 = -8675. What is the thousands digit of q?
2
Let s = -8 + 9. Let b be 1*(0/s + -9). Let w = b - -24. What is the units digit of w?
5
Suppose 5*b + 2*j + 5796 = 24676, -2*b = 5*j - 7552. What is the units digit of b?
6
Let i = 351 + -171. Let d = i + -117. What is the tens digit of d?
6
Let p = 29 + -25. Suppose -v + 66 = p*y, y + 242 = 4*v + 6*y. What is the units digit of v?
8
Let k be 5/(-2 + -1 - -4). Suppose -s + 58 = k*w + s, 2*s = -4*w + 48. What is the tens digit of w?
1
Let u = -40 - -55. Let z(w) = -w**3 + 17*w**2 - 22*w. What is the units digit of z(u)?
0
Let f(c) = -6 - 6 + c - 8*c**2 + 7*c**2 + 12*c. Let x be f(12). Suppose -3*o = -x*o - 18. What is the units digit of o?
6
Suppose -1000 = -3*o + 5*y, 5*o - 4*y + 3*y = 1696. Suppose 3*m + m = o. What is the tens digit of m?
8
Let m = 48 - 44. Suppose 0 = -s - 4*i + 141, 9*s + 5*i = m*s + 645. What is the tens digit of s?
2
Let l(h) = h**2 - 33*h + 139. What is the units digit of l(4)?
3
Let t = -16 - -17. Let x(v) = -6*v - 1. Let z be x(t). What is the tens digit of z/21 - (-68)/6?
1
Let i = 633 + 178. What is the units digit of i?
1
Suppose u + 6*z - 152 = 2*z, -u + 172 = -z. Suppose -2*d + u = d. What is the tens digit of d?
5
Suppose -808 = -4*d + v, 0*d - 183 = -d + 5*v. What is the tens digit of d?
0
Let j(x) = -x**3 + 6*x**2 - 2*x + 7. Let d be j(5). Let f = d + -4. What is the tens digit of f?
1
Let t(z) = -109*z + 665. What is the tens digit of t(-12)?
7
Let q(t) = t**3 - 2*t**2 - 4*t + 3. Let u be q(3). Suppose -2*i = -i - 5*w - 9, u = 3*w. What is the tens digit of 280/15 + 3/i?
1
Let r(n) = -192*n - 2. What is the units digit of r(-2)?
2
Suppose -3687 = -5*o - 157. What is the tens digit of o?
0
Suppose -7*f = -1157 - 1720. What is the hundreds digit of f?
4
Let r(t) = 148*t - 3. Let y be r(2). Suppose -2*l - n = l - y, 5*n = l - 119. What is the tens digit of l?
9
Suppose -4*o = -5*i - 43, -o + 2*i = -0*i - 10. Let m be (212/(-12))/((-4)/o). Suppose m = -23*n + 24*n. What is the tens digit of n?
5
Let t(l) = -l**2 + 10*l - 4. Let p be t(9). Let u(o) = -3*o + 8*o**2 - p*o + 4 - 7*o**2. What is the tens digit of u(12)?
5
Let u = 2181 + 1037. What is the hundreds digit of u?
2
Let x = 2601 - 2149. What is the tens digit of x?
5
Let u(h) = -h**2 - 82*h + 82. What is the units digit of u(-45)?
7
Suppose -4*s + 4612 = 4*b, -s = -5*b + 4*b - 1151. Suppose -5*t = 2*f - 29, -2*t + 10 = f + 2*t. What is the tens digit of (-4)/f + s/44?
2
Let x be 42/11 + 6/33. Suppose -5*a + p = -302, a = 4*a - x*p - 171. What is the units digit of a?
1
Let m be 4 - ((2 - -1) + 0). Suppose 0*r = -r - 3. What is the units digit of 3*m/(r/(-39))?
9
Suppose 17*h = 15*h + 500. What is the tens digit of h?
5
Let t(o) = -o + 2. Let y be 1/((7/(-2))/(-7)). Let w be t(y). Let g = w + 1. What is the units digit of g?
1
Let t(j) = -j**2 - 14*j + 10. Let l = -14 - -7. What is the tens digit of t(l)?
5
Suppose 10*w - 13*w = -3. What is the tens digit of (-880)/(-25) + w/(-5)?
3
Let z(t) be the third derivative of t**7/840 - t**6/720 - t**5/120 - t**4/12 - t**2. Let r(h) be the second derivative of z(h). What is the tens digit of r(-4)?
5
Let l be (-1 - 0)/((-4)/8). Suppose 2*v + 2*f = -l*f + 10, -5*v = -4*f + 3. What is the units digit of v?
1
Suppose 0*n = 4*m - 4*n - 13956, 3*m - 5*n - 10465 = 0. What is the thousands digit of m?
3
Let u(x) = 28*x**2 - 14*x + 120. What is the hundreds digit of u(6)?
0
Let y = -262 + 543. What is the hundreds digit of y?
2
Let j(a) = 19*a**2 - 36*a + 344. What is the thousands digit of j(11)?
2
Let u(o) = -o + 14. Suppose -46 - 39 = -5*h. Suppose -y - h = -3*b, -7 = 4*b - 3*y - 28. What is the units digit of u(b)?
8
Suppose -8 = 13*b - 17*b. Let n = -3 + 6. Suppose -b*l = n*l - 70. What is the units digit of l?
4
Suppose -5*o = -2*o. Let l(g) = -g**2 - 76. Let j be l(o). Let v = j + 121. What is the units digit of v?
5
Suppose 0*a + 6 = 2*a, 3*n - 21 = -3*a. Suppose n*r + t = 9, 0 - 6 = 2*t. Suppose -4*c = -r*j + 36, j - 3*c = -4 + 16. What is the tens digit of j?
1
Let d(g) = -g**3 + 4*g**2 + 2*g - 5. Let b be d(4). Suppose u - 5*l + 4 = 0, 3*u = 2*u - b*l + 12. What is the units digit of u?
6
Let v = -158 + 236. Suppose 0 = -4*z + 3*z + v. What is the tens digit of z?
7
Suppose -j + 2 = -t, -3*j + 4*t + 5 = -1. Suppose 5*z - 351 = 3*u, j*z + 0*u - 2*u - 142 = 0. What is the units digit of z?
9
Suppose 81 = 3154*u - 3145*u. What is the units digit of u?
9
Suppose 39 + 9 = 4*n. Suppose 0 = 7*w - n*w + 275. What is the units digit of w?
5
Let z(r) be the third derivative of r**4/8 + 7*r**3/6 - 8*r**2. Let p = 4 - -1. What is the tens digit of z(p)?
2
Let w be 1 + (4 - 9/3). Suppose 4*j = -4*m + 232, -w*j + j - 62 = -m. What is the tens digit of m?
6
Suppose -i - 4*i = 2*f - 10, 0 = f. Suppose -3*x - i*x - 85 = 0. Let t = x + 24. What is the units digit of t?
7
Let o(y) = -y**2 + 4*y + 2. Let q be o(5). What is the hundreds digit of 166 - (1 - 2)*q/(-1)?
1
Let t = 5786 + -418. What is the tens digit of t?
6
Let i(k) = -k**3 - k**2 - 6*k + 14. Let q be i(-11). What is the units digit of (-1)/(q/(-429) - -3)?
3
Let x be (-5 - -1) + (9 - 32). Let k = -12 - x. What is the tens digit of k?
1
Suppose -5*z - 17 = -3*b, -z + 3 = 2*b + 4*z. Suppose -b*t = t - 4*f - 29, -3*t = -3*f - 15. What is the units digit of t?
9
Let c(f) = -f**2 + 38*f - 97. What is the tens digit of c(28)?
8
Let s(k) = 2*k**2 + 15*k - 13. Let t be s(-8). What is the hundreds digit of 1888/80*t/(-1)?
1
Let c(d) = -d**3 + 6*d**2 + d - 10. Let o = -48 + 44. What is the tens digit of c(o)?
4
Let q(f) = -784*f**3 - 7*f**2 - 5*f + 1. What is the tens digit of q(-1)?
8
Suppose 0 = 3*o + t - 692, 203 + 27 = o + t. What is the tens digit of o?
3
Let r(o) = -35*o**3 - 2*o**2 - 3. What is the units digit of r(-2)?
9
Suppose -2*z + 5*z - 32 = y, -46 = 2*y + 3*z. Let w be y/(-7) + 2/7. Suppose 2*g - h + 5 - 11 = 0, 0 = 5*g - w*h - 9. What is the units digit of g?
5
Let h = -45 + -35. Let c = h + 144. What is the units digit of c?
4
Let s be -2 + -1*(-3 - -4). What is the tens digit of (53/s)/(4/(-36))?
5
Let i = -3606 - -5984. What is the hundreds digit of i?
3
Let l be ((-99)/(-2))/(-3)*114/(-9). What is the tens digit of (-4 - l)*2*(-3)/18?
7
Let b be 1/((-2)/2) + 10 + -7. What is the tens digit of (b - -1)*(-1001)/(-39)?
7
What is the units digit of 8 + 246/(-30) + (-36755)/(-25)?
0
Suppose 0 = -5*s + 417 + 638. Suppose s + 379 = 10*g. What is the units digit of g?
9
Let d(i) = i - 6. Suppose -8 = -4*w + 16. Let n be d(w). Suppose -o - 4*x + 32 = -8*x, -o - 4*x + 48 = n. What is the units digit of o?
0
Suppose 9 = -3*u + 15. Suppose u*j + 2*j - 8 = 0. What is the units digit of j*((-25)/(-2) + 3)?
1
Let u = -13 - -18. Suppose 0 = u*w - 10*w. Suppose -4*b = 4*l - 26 + 2, w = -4*b + 3*l - 4. What is the units digit of b?
2
Suppose 5*w = -25, -1604 = -4*d + 21*w - 17*w. What is the units digit of d?
6
What is the units digit of 534 - 7*(-6 - -5)?
1
Let y(z) = 7*z - 10. Let x(u) = 20*u - 29. Let f(i) = 6*x(i) - 17*y(i). Let v be f(8). Suppose -v*k + 2 = -10. What is the units digit of k?
3
Let r(o) = -o**3 + 33*o**2 - 83*o - 40. What is the hundreds digit of r(25)?
8
Let l(q) = -144*q + 156. What is the units digit of l(-13)?
8
Suppose n - 18*n + 51 = 0. Suppose -639 = -5*q + 2*o, 2*q + n*o = 5*q - 378. What is the tens digit of q?
2
Suppose -3*k + 4 + 5 = 0. Let q(z) = 18*z - 1. Let u be q(1). Suppose u = 4*b - k. What is the units digit of b?
5
Suppose 6*s - 80 = 2*s. Let z = s - 18. Suppose -l = z*l - 132. What is the tens digit of l?
4
Suppose -46*c = -52*c + 1932. What is the hundreds digit of c?
3
Suppose 4*t - 21 = 3*v, -3*t = 4*v - 5*v - 12. What is the tens digit of (177/(-6))/(1*v/12)?
1
Suppose 3*h + 16 = 271. Suppose -2*s + s + h = 0. Suppose 0 = -5*u - x + s, 3*u + x + 2*x = 39. What is the units digit of u?
8
Let k(o) = 16*o**2 + 35*o + 9. What is the thousands digit of k(7)?
1
Suppose -19 - 181 = 2*s. Let h = s + 209. What is the units digit of h?
9
Suppose -4*q - 1 = -3*q - 2*l, 2*q - l = -11. Let y be (-76)/(-10) - 2/(-5). Let w = y + q. What is the units digit of w?
1
Let z = -6 + 7. Let v(f) = 17*f**3 + f